to base 9.
-53
What is -111231 (base 4) in base 7?
-4023
What is 7847 (base 11) in base 13?
4921
-1241 (base 5) to base 16
-c4
Convert 1445 (base 12) to base 9.
3208
What is -9a (base 14) in base 16?
-88
What is -41 (base 11) in base 15?
-30
What is 377 (base 11) in base 16?
1bf
3201133 (base 4) to base 3
201210111
What is 11102112 (base 3) in base 12?
1a4b
Convert -1590 (base 14) to base 3.
-12021121
Convert -122 (base 5) to base 10.
-37
Convert 1968 (base 13) to base 2.
111011011100
What is -2022 (base 5) in base 9?
-321
Convert -8aa4 (base 13) to base 2.
-100101111001000
2088 (base 10) to base 11
1629
Convert -1420 (base 5) to base 14.
-12b
-2344 (base 12) to base 7
-14326
What is -101100010101 (base 2) in base 7?
-11162
What is -1565 (base 7) in base 16?
-27b
What is -3ce (base 15) in base 16?
-365
What is -1e1 (base 15) in base 14?
-232
Convert -111350 (base 6) to base 9.
-13833
What is 37 (base 11) in base 5?
130
What is -12304 (base 5) in base 14?
-4c2
What is -144225 (base 6) in base 7?
-55364
-41531 (base 6) to base 16
-15df
Convert 204132 (base 5) to base 10.
6792
112330 (base 4) to base 14
76c
-1b94a (base 13) to base 2
-1101010000100111
d19 (base 14) to base 8
5013
-26714 (base 9) to base 7
-103462
What is 662 (base 11) in base 7?
2213
Convert -10101132 (base 4) to base 10.
-17502
Convert -5112 (base 15) to base 8.
-41335
Convert 8854 (base 10) to base 8.
21226
-17360 (base 9) to base 12
-6b09
Convert 23a8 (base 15) to base 3.
101101212
2328 (base 10) to base 13
10a1
-101000000001 (base 2) to base 10
-2561
-22212 (base 4) to base 8
-1246
What is -1837 (base 13) in base 12?
-20b7
What is 5a5 (base 16) in base 6?
10405
What is -211224 (base 7) in base 16?
-8e7a
What is -451 (base 10) in base 15?
-201
Convert -20256 (base 9) to base 12.
-7873
1770 (base 9) to base 8
2517
What is -1220122221 (base 3) in base 11?
-2632a
What is -1101010111010 (base 2) in base 14?
-26ca
Convert 83617 (base 9) to base 7.
316603
Convert 79bd (base 15) to base 8.
62344
Convert -22125 (base 11) to base 13.
-117b8
Convert -10552 (base 6) to base 10.
-1508
10001111010 (base 2) to base 12
7b6
What is 18538 (base 13) in base 2?
1011011110110101
1130 (base 6) to base 5
2040
Convert 11443 (base 7) to base 14.
1123
Convert -1552 (base 6) to base 15.
-1d8
Convert 30444 (base 6) to base 2.
111111011100
What is -49 (base 10) in base 9?
-54
Convert -101101110100101 (base 2) to base 4.
-11232211
What is -35240 (base 6) in base 10?
-5064
What is -46c7 (base 13) in base 15?
-2e45
Convert -101000001000 (base 2) to base 4.
-220020
Convert -43119 (base 10) to base 4.
-22201233
2010000212 (base 3) to base 7
232133
What is 27605 (base 9) in base 13?
8699
-104a (base 13) to base 8
-4323
Convert -3d6 (base 14) to base 3.
-1001202
Convert 231022 (base 4) to base 6.
21214
Convert 1020012 (base 3) to base 4.
32000
Convert -1001100100 (base 2) to base 12.
-430
Convert -20550 (base 6) to base 11.
-2118
What is -2848a (base 12) in base 11?
-3906a
Convert -323120 (base 4) to base 5.
-110200
Convert 4439 (base 13) to base 3.
111001022
Convert 111222 (base 3) to base 2.
101111001
What is 1c4a (base 13) in base 14?
17c3
-8c4 (base 16) to base 8
-4304
Convert -22 (base 16) to base 11.
-31
What is 4512 (base 7) in base 12?
b36
Convert -1b9 (base 13) to base 3.
-102220
What is -1036 (base 8) in base 14?
-2aa
What is -a4 (base 14) in base 9?
-170
What is -744 (base 8) in base 3?
-122221
1241 (base 11) to base 7
4501
What is -24352 (base 7) in base 6?
-45234
-1001101011011 (base 2) to base 13
-2342
What is be (base 15) in base 8?
263
-41243 (base 7) to base 2
-10011101011100
Convert -438 (base 11) to base 13.
-315
Convert 152260 (base 7) to base 2.
111001111000110
Convert 110140 (base 5) to base 12.
2243
111151 (base 6) to base 10
9355
What is 10042 (base 10) in base 3?
111202221
Convert 6210 (base 7) to base 10.
2163
Convert 1461 (base 8) to base 6.
3441
-157 (base 13) to base 15
-111
What is 7ac (base 15) in base 14?
8c1
4cc (base 14) to base 5
12324
Convert -d65 (base 16) to base 7.
-12666
Convert -269c (base 16) to base 8.
-23234
-74b5 (base 13) to base 11
-111a0
What is 4986 (base 11) in base 12?
3923
What is -1022 (base 4) in base 14?
-54
7464 (base 13) to base 9
24120
What is -6074 (base 12) in base 3?
-112100021
Convert 1058 (base 9) to base 7.
2165
What is -130313 (base 4) in base 10?
-1847
-10200210201 (base 3) to base 14
-1c72d
What is 2a60 (base 16) in base 5?
321343
-b4 (base 13) to base 5
-1042
-3357 (base 10) to base 13
-16b3
What is 90 (base 13) in base 7?
225
Convert 228 (base 10) to base 5.
1403
Convert 100010100000111 (base 2) to base 13.
8074
What is -798 (base 11) in base 14?
-4c2
Convert -20212021 (base 3) to base 7.
-20404
What is 62 (base 16) in base 6?
242
Convert 2010224 (base 5) to base 9.
47727
Convert 11340 (base 5) to base 10.
845
-452 (base 7) to base 15
-108
Convert 57640 (base 8) to base 10.
24480
Convert 20021 (base 3) to base 10.
169
-b12 (base 16) to base 6
-21042
1733 (base 11) to base 2
100010100110
What is 795 (base 16) in base 12?
1159
-419a (base 11) to base 8
-12662
What is 747 (base 10) in base 14?
3b5
12310 (base 7) to base 2
110010101001
Convert -2645 (base 7) to base 3.
-1101112
What is 110100000100011 (base 2) in base 5?
1323114
172 (base 8) to base 4
1322
9c3 (base 13) to base 9
2266
What is 332002 (base 4) in base 7?
14401
Convert 1111011110000000 (base 2) to base 12.
30800
1002022 (base 3) to base 5
11131
-120111 (base 5) to base 14
-186a
-121212 (base 3) to base 7
-1220
Convert -2201 (base 10) to base 6.
-14105
Convert 97 (base 12) to base 11.
a5
What is 15065 (base 10) in base 11?
10356
102 (base 5) to base 7
36
What is 16a68 (base 11) in base 16?
5d67
3f67 (base 16) to base 15
4c21
Convert -1f99 (base 16) to base 12.
-4821
Convert 460 (base 11) to base 16.
226
2026 (base 7) to base 10
706
What is 12030 (base 4) in base 9?
480
Convert -10c (base 14) to base 6.
-544
45473 (base 9) to base 4
13121013
What is 20679 (base 11) in base 8?
72616
What is -3d0 (base 15) in base 4?
-31212
Convert -1d06 (base 15) to base 4.
-1202202
What is -122 (base 15) in base 7?
-515
Convert -114 (base 10) to base 2.
-1110010
Convert 2120242 (base 5) to base 7.
206034
-c1 (base 15) to base 2
-10110101
What is -10302111 (base 4) in base 7?
-111105
-110131 (base 5) to base 4
-323033
What is -3283 (base 10) in base 3?
-11111121
What is -2ddd (base 15) in base 2?
-10011010011011
Convert 9044 (base 16) to base 9.
55585
What is -4537 (base 10) in base 7?
-16141
-20200202 (base 3) to base 13
-22b5
21004 (base 5) to base 7
4010
What is 14123 (base 16) in base 15?
1955b
What is 2367 (base 11) in base 3?
11020202
Convert -495 (base 13) to base 10.
-798
11013 (base 5) to base 10
758
1505 (base 6) to base 16
191
-25520 (base 10) to base 14
-942c
What is 863 (base 9) in base 11?
591
What is -566 (base 10) in base 3?
-202222
-14024 (base 5) to base 2
-10001110011
-3a0 (base 15) to base 8
-1471
Convert 22013 (base 6) to base 10.
3033
Convert 210201021 (base 3) to base 10.
15829
-31 (base 7) to base 5
-42
What is 6057 (base 10) in base 2?
1011110101001
2b4 (base 14) to base 16
226
Convert -3022 (base 7) to base 9.
-1381
What is 435 (base 12) in base 16?
269
What is -128b (base 15) in base 12?
-2358
-2223002 (base 4) to base 16
-2ac2
What is -1550 (base 6) in base 7?
-1146
Convert 14504 (base 6) to base 12.
1434
What is 248 (base 9) in base 5?
1311
What is 946 (base 13) in base 6?
11151
What is 110110100001000 (base 2) in base 8?
66410
-931b (base 12) to base 16
-3e87
What is -16099 (base 13) in base 14?
-11389
What is -1101001 (base 2) in base 6?
-253
Convert -12747 (base 8) to base 4.
-1113213
What is -29a9 (base 14) in base 10?
-7401
Convert -1010210220 (base 3) to base 5.
-1204321
What is -1312333 (base 4) in base 3?
-101110001
What is -30230 (base 6) in base 13?
-1a70
-40304 (base 7) to base 15
-2d55
Convert -26878 (base 9) to base 10.
-18215
-41453 (base 6) to base 7
-22155
565 (base 16) to base 11
1046
-80020 (base 10) to base 11
-55136
-112012210 (base 3) to base 6
-115550
20a (base 12) to base 5
2143
-503242 (base 6) to base 5
-2232001
-252330 (base 6) to base 12
-110a6
Convert -2213 (base 4) to base 3.
-20012
-3bb (base 16) to base 11
-799
111202 (base 3) to base 14
1